{"id":21,"date":"2025-03-26T12:23:58","date_gmt":"2025-03-26T11:23:58","guid":{"rendered":"http:\/\/damient.cluster100.hosting.ovh.net\/index.php\/boutique\/"},"modified":"2026-01-02T17:01:28","modified_gmt":"2026-01-02T16:01:28","slug":"particuliers","status":"publish","type":"page","link":"https:\/\/damiengrea.fr\/index.php\/particuliers\/","title":{"rendered":"Particuliers: services \/ tarifs"},"content":{"rendered":"\n<div class=\"wp-block-group alignfull has-base-2-background-color has-background has-global-padding is-layout-constrained wp-container-core-group-is-layout-669513ed wp-block-group-is-layout-constrained\" style=\"margin-top:0;margin-bottom:0;padding-top:var(--wp--preset--spacing--50);padding-right:var(--wp--preset--spacing--50);padding-bottom:var(--wp--preset--spacing--50);padding-left:var(--wp--preset--spacing--50)\">\n<div class=\"wp-block-group is-vertical is-content-justification-center is-layout-flex wp-container-core-group-is-layout-52b864f0 wp-block-group-is-layout-flex\">\n<h2 class=\"wp-block-heading has-text-align-center is-style-asterisk\">Une passion au service de vos besoins.<\/h2>\n\n\n\n<div style=\"height:0px\" aria-hidden=\"true\" class=\"wp-block-spacer wp-container-content-4f2ccadb\"><\/div>\n\n\n\n<p class=\"has-text-align-center\">Quelque soient vos besoins, Il existe une solution. Flexible et \u00e0 l\u2019\u00e9coute, je vous accompagne avec des r\u00e9ponses adapt\u00e9es. Contactez-moi pour en discuter.<\/p>\n<\/div>\n<\/div>\n\n\n\n<div class=\"wp-block-group alignwide is-nowrap is-layout-flex wp-container-core-group-is-layout-6c531013 wp-block-group-is-layout-flex\">\n<div class=\"wp-block-media-text is-stacked-on-mobile\" style=\"grid-template-columns:17% auto\"><figure class=\"wp-block-media-text__media\"><img loading=\"lazy\" decoding=\"async\" width=\"1024\" height=\"1024\" src=\"https:\/\/damiengrea.fr\/wp-content\/uploads\/2026\/01\/unnamed-1.jpg\" alt=\"\" class=\"wp-image-560 size-full\" srcset=\"https:\/\/damiengrea.fr\/wp-content\/uploads\/2026\/01\/unnamed-1.jpg 1024w, https:\/\/damiengrea.fr\/wp-content\/uploads\/2026\/01\/unnamed-1-300x300.jpg 300w, https:\/\/damiengrea.fr\/wp-content\/uploads\/2026\/01\/unnamed-1-150x150.jpg 150w, https:\/\/damiengrea.fr\/wp-content\/uploads\/2026\/01\/unnamed-1-768x768.jpg 768w\" sizes=\"auto, (max-width: 1024px) 100vw, 1024px\" \/><\/figure><div class=\"wp-block-media-text__content\">\n<p>Vous avez un probl\u00e8me technique sur votre ordinateur, smartphone, tablette ou autre:<br><br>j&rsquo;interviens a distance, ou a domicile selon le besoin.<\/p>\n<\/div><\/div>\n<\/div>\n\n\n\n<div class=\"wp-block-media-text alignwide is-stacked-on-mobile\" style=\"grid-template-columns:17% auto\"><figure class=\"wp-block-media-text__media\"><img loading=\"lazy\" decoding=\"async\" width=\"1024\" height=\"1024\" src=\"https:\/\/damiengrea.fr\/wp-content\/uploads\/2026\/01\/Gemini_Generated_Image_6505p06505p06505-1.png\" alt=\"\" class=\"wp-image-561 size-full\" srcset=\"https:\/\/damiengrea.fr\/wp-content\/uploads\/2026\/01\/Gemini_Generated_Image_6505p06505p06505-1.png 1024w, https:\/\/damiengrea.fr\/wp-content\/uploads\/2026\/01\/Gemini_Generated_Image_6505p06505p06505-1-300x300.png 300w, https:\/\/damiengrea.fr\/wp-content\/uploads\/2026\/01\/Gemini_Generated_Image_6505p06505p06505-1-150x150.png 150w, https:\/\/damiengrea.fr\/wp-content\/uploads\/2026\/01\/Gemini_Generated_Image_6505p06505p06505-1-768x768.png 768w\" sizes=\"auto, (max-width: 1024px) 100vw, 1024px\" \/><\/figure><div class=\"wp-block-media-text__content\">\n<p>Vos \u00e9quipements num\u00e9riques ont besoin d\u2019entretien pour rester performants et durer dans le temps.<br><br>Je propose une maintenance pr\u00e9ventive, adapt\u00e9e \u00e0 vos besoins, avec des interventions ponctuelles ou r\u00e9guli\u00e8res, mensuelles ou annuelles.<\/p>\n<\/div><\/div>\n\n\n\n<div class=\"wp-block-group alignwide is-nowrap is-layout-flex wp-container-core-group-is-layout-6c531013 wp-block-group-is-layout-flex\">\n<div class=\"wp-block-media-text is-stacked-on-mobile\" style=\"grid-template-columns:17% auto\"><figure class=\"wp-block-media-text__media\"><img loading=\"lazy\" decoding=\"async\" width=\"1024\" height=\"1024\" src=\"https:\/\/damiengrea.fr\/wp-content\/uploads\/2026\/01\/Gemini_Generated_Image_nax778nax778nax7-1.png\" alt=\"\" class=\"wp-image-562 size-full\" srcset=\"https:\/\/damiengrea.fr\/wp-content\/uploads\/2026\/01\/Gemini_Generated_Image_nax778nax778nax7-1.png 1024w, https:\/\/damiengrea.fr\/wp-content\/uploads\/2026\/01\/Gemini_Generated_Image_nax778nax778nax7-1-300x300.png 300w, https:\/\/damiengrea.fr\/wp-content\/uploads\/2026\/01\/Gemini_Generated_Image_nax778nax778nax7-1-150x150.png 150w, https:\/\/damiengrea.fr\/wp-content\/uploads\/2026\/01\/Gemini_Generated_Image_nax778nax778nax7-1-768x768.png 768w\" sizes=\"auto, (max-width: 1024px) 100vw, 1024px\" \/><\/figure><div class=\"wp-block-media-text__content\">\n<p>Vous vous sentez un peu perdu avec vos \u00e9quipements, ou vous voulez approfondir votre utilisation de l&rsquo;informatique:<br><br>Je vous accompagne avec des formations ponctuelles ou r\u00e9guli\u00e8res, adapt\u00e9es \u00e0 vos besoins ou \u00e0 mes recommandations.<\/p>\n<\/div><\/div>\n<\/div>\n\n\n\n<div class=\"wp-block-media-text alignwide is-stacked-on-mobile\" style=\"grid-template-columns:17% auto\"><figure class=\"wp-block-media-text__media\"><img loading=\"lazy\" decoding=\"async\" width=\"1024\" height=\"1024\" src=\"https:\/\/damiengrea.fr\/wp-content\/uploads\/2026\/01\/Gemini_Generated_Image_wls0p1wls0p1wls0-1.png\" alt=\"\" class=\"wp-image-563 size-full\" srcset=\"https:\/\/damiengrea.fr\/wp-content\/uploads\/2026\/01\/Gemini_Generated_Image_wls0p1wls0p1wls0-1.png 1024w, https:\/\/damiengrea.fr\/wp-content\/uploads\/2026\/01\/Gemini_Generated_Image_wls0p1wls0p1wls0-1-300x300.png 300w, https:\/\/damiengrea.fr\/wp-content\/uploads\/2026\/01\/Gemini_Generated_Image_wls0p1wls0p1wls0-1-150x150.png 150w, https:\/\/damiengrea.fr\/wp-content\/uploads\/2026\/01\/Gemini_Generated_Image_wls0p1wls0p1wls0-1-768x768.png 768w\" sizes=\"auto, (max-width: 1024px) 100vw, 1024px\" \/><\/figure><div class=\"wp-block-media-text__content\">\n<p>Un mail suspect, une alerte de s\u00e9curit\u00e9, ou un doute sur la protection de votre ordinateur ? <br><br>Je vous aide \u00e0 \u00e9valuer la situation et \u00e0 s\u00e9curiser vos outils pour une navigation en toute s\u00e9r\u00e9nit\u00e9.<\/p>\n<\/div><\/div>\n\n\n\n<hr class=\"wp-block-separator alignwide has-alpha-channel-opacity is-style-dots\"\/>\n\n\n\n<div class=\"wp-block-group alignwide is-vertical is-layout-flex wp-container-core-group-is-layout-fe9cc265 wp-block-group-is-layout-flex\">\n<div class=\"wp-block-media-text is-stacked-on-mobile\" style=\"grid-template-columns:34% auto\"><figure class=\"wp-block-media-text__media\"><img loading=\"lazy\" decoding=\"async\" width=\"1024\" height=\"585\" src=\"http:\/\/damiengrea.fr\/wp-content\/uploads\/2025\/03\/2-1024x585.png\" alt=\"Logo\" class=\"wp-image-15 size-full\" srcset=\"https:\/\/damiengrea.fr\/wp-content\/uploads\/2025\/03\/2-1024x585.png 1024w, https:\/\/damiengrea.fr\/wp-content\/uploads\/2025\/03\/2-600x343.png 600w, https:\/\/damiengrea.fr\/wp-content\/uploads\/2025\/03\/2-300x171.png 300w, https:\/\/damiengrea.fr\/wp-content\/uploads\/2025\/03\/2-768x439.png 768w, https:\/\/damiengrea.fr\/wp-content\/uploads\/2025\/03\/2.png 1050w\" sizes=\"auto, (max-width: 1024px) 100vw, 1024px\" \/><\/figure><div class=\"wp-block-media-text__content\">\n<p>Pour tous ces services, un tarif unique de 40\u20ac TTC par intervention d\u2019une heure (hors frais de d\u00e9placement si besoin et \u00e9ventuels co\u00fbts de mat\u00e9riel ou licences).<br>Besoin d\u2019un conseil ou d\u2019une demande sp\u00e9cifique ? Je reste flexible et \u00e0 l\u2019\u00e9coute via le <a data-type=\"page\" data-id=\"254\" href=\"https:\/\/damiengrea.fr\/index.php\/contact\/\">formulaire de contact<\/a>.<\/p>\n<\/div><\/div>\n<\/div>\n\n\n\n<p><\/p>\n","protected":false},"excerpt":{"rendered":"<p>Une passion au service de vos besoins. Quelque soient vos besoins, Il existe une solution. Flexible et \u00e0 l\u2019\u00e9coute, je vous accompagne avec des r\u00e9ponses adapt\u00e9es. Contactez-moi pour en discuter. Vous avez un probl\u00e8me technique sur votre ordinateur, smartphone, tablette ou autre: j&rsquo;interviens a distance, ou a domicile selon le besoin. Vos \u00e9quipements num\u00e9riques ont [&hellip;]<\/p>\n","protected":false},"author":1,"featured_media":0,"parent":0,"menu_order":0,"comment_status":"closed","ping_status":"closed","template":"","meta":{"footnotes":""},"class_list":["post-21","page","type-page","status-publish","hentry"],"yoast_head":"<!-- This site is optimized with the Yoast SEO plugin v27.3 - https:\/\/yoast.com\/product\/yoast-seo-wordpress\/ -->\n<title>Particuliers: services \/ tarifs - Damien GREA<\/title>\n<meta name=\"robots\" content=\"index, follow, max-snippet:-1, max-image-preview:large, max-video-preview:-1\" \/>\n<link rel=\"canonical\" href=\"https:\/\/damiengrea.fr\/index.php\/particuliers\/\" \/>\n<meta property=\"og:locale\" content=\"fr_FR\" \/>\n<meta property=\"og:type\" content=\"article\" \/>\n<meta property=\"og:title\" content=\"Particuliers: services \/ tarifs - Damien GREA\" \/>\n<meta property=\"og:description\" content=\"Une passion au service de vos besoins. Quelque soient vos besoins, Il existe une solution. Flexible et \u00e0 l\u2019\u00e9coute, je vous accompagne avec des r\u00e9ponses adapt\u00e9es. Contactez-moi pour en discuter. Vous avez un probl\u00e8me technique sur votre ordinateur, smartphone, tablette ou autre: j&rsquo;interviens a distance, ou a domicile selon le besoin. Vos \u00e9quipements num\u00e9riques ont [&hellip;]\" \/>\n<meta property=\"og:url\" content=\"https:\/\/damiengrea.fr\/index.php\/particuliers\/\" \/>\n<meta property=\"og:site_name\" content=\"Damien GREA\" \/>\n<meta property=\"article:modified_time\" content=\"2026-01-02T16:01:28+00:00\" \/>\n<meta property=\"og:image\" content=\"https:\/\/damiengrea.fr\/wp-content\/uploads\/2026\/01\/unnamed-1.jpg\" \/>\n\t<meta property=\"og:image:width\" content=\"1024\" \/>\n\t<meta property=\"og:image:height\" content=\"1024\" \/>\n\t<meta property=\"og:image:type\" content=\"image\/jpeg\" \/>\n<meta name=\"twitter:card\" content=\"summary_large_image\" \/>\n<meta name=\"twitter:site\" content=\"@DG_informatique\" \/>\n<meta name=\"twitter:label1\" content=\"Dur\u00e9e de lecture estim\u00e9e\" \/>\n\t<meta name=\"twitter:data1\" content=\"3 minutes\" \/>\n<script type=\"application\/ld+json\" class=\"yoast-schema-graph\">{\"@context\":\"https:\\\/\\\/schema.org\",\"@graph\":[{\"@type\":\"WebPage\",\"@id\":\"https:\\\/\\\/damiengrea.fr\\\/index.php\\\/particuliers\\\/\",\"url\":\"https:\\\/\\\/damiengrea.fr\\\/index.php\\\/particuliers\\\/\",\"name\":\"Particuliers: services \\\/ tarifs - Damien GREA\",\"isPartOf\":{\"@id\":\"https:\\\/\\\/damiengrea.fr\\\/#website\"},\"primaryImageOfPage\":{\"@id\":\"https:\\\/\\\/damiengrea.fr\\\/index.php\\\/particuliers\\\/#primaryimage\"},\"image\":{\"@id\":\"https:\\\/\\\/damiengrea.fr\\\/index.php\\\/particuliers\\\/#primaryimage\"},\"thumbnailUrl\":\"https:\\\/\\\/damiengrea.fr\\\/wp-content\\\/uploads\\\/2026\\\/01\\\/unnamed-1.jpg\",\"datePublished\":\"2025-03-26T11:23:58+00:00\",\"dateModified\":\"2026-01-02T16:01:28+00:00\",\"breadcrumb\":{\"@id\":\"https:\\\/\\\/damiengrea.fr\\\/index.php\\\/particuliers\\\/#breadcrumb\"},\"inLanguage\":\"fr-FR\",\"potentialAction\":[{\"@type\":\"ReadAction\",\"target\":[\"https:\\\/\\\/damiengrea.fr\\\/index.php\\\/particuliers\\\/\"]}]},{\"@type\":\"ImageObject\",\"inLanguage\":\"fr-FR\",\"@id\":\"https:\\\/\\\/damiengrea.fr\\\/index.php\\\/particuliers\\\/#primaryimage\",\"url\":\"https:\\\/\\\/damiengrea.fr\\\/wp-content\\\/uploads\\\/2026\\\/01\\\/unnamed-1.jpg\",\"contentUrl\":\"https:\\\/\\\/damiengrea.fr\\\/wp-content\\\/uploads\\\/2026\\\/01\\\/unnamed-1.jpg\",\"width\":1024,\"height\":1024},{\"@type\":\"BreadcrumbList\",\"@id\":\"https:\\\/\\\/damiengrea.fr\\\/index.php\\\/particuliers\\\/#breadcrumb\",\"itemListElement\":[{\"@type\":\"ListItem\",\"position\":1,\"name\":\"Accueil\",\"item\":\"https:\\\/\\\/damiengrea.fr\\\/\"},{\"@type\":\"ListItem\",\"position\":2,\"name\":\"Particuliers: services \\\/ tarifs\"}]},{\"@type\":\"WebSite\",\"@id\":\"https:\\\/\\\/damiengrea.fr\\\/#website\",\"url\":\"https:\\\/\\\/damiengrea.fr\\\/\",\"name\":\"Damien GREA\",\"description\":\"Votre partenaire informatique\",\"publisher\":{\"@id\":\"https:\\\/\\\/damiengrea.fr\\\/#organization\"},\"potentialAction\":[{\"@type\":\"SearchAction\",\"target\":{\"@type\":\"EntryPoint\",\"urlTemplate\":\"https:\\\/\\\/damiengrea.fr\\\/?s={search_term_string}\"},\"query-input\":{\"@type\":\"PropertyValueSpecification\",\"valueRequired\":true,\"valueName\":\"search_term_string\"}}],\"inLanguage\":\"fr-FR\"},{\"@type\":\"Organization\",\"@id\":\"https:\\\/\\\/damiengrea.fr\\\/#organization\",\"name\":\"Damien GREA\",\"url\":\"https:\\\/\\\/damiengrea.fr\\\/\",\"logo\":{\"@type\":\"ImageObject\",\"inLanguage\":\"fr-FR\",\"@id\":\"https:\\\/\\\/damiengrea.fr\\\/#\\\/schema\\\/logo\\\/image\\\/\",\"url\":\"https:\\\/\\\/damiengrea.fr\\\/wp-content\\\/uploads\\\/2025\\\/03\\\/cropped-cropped-2.png\",\"contentUrl\":\"https:\\\/\\\/damiengrea.fr\\\/wp-content\\\/uploads\\\/2025\\\/03\\\/cropped-cropped-2.png\",\"width\":391,\"height\":365,\"caption\":\"Damien GREA\"},\"image\":{\"@id\":\"https:\\\/\\\/damiengrea.fr\\\/#\\\/schema\\\/logo\\\/image\\\/\"},\"sameAs\":[\"https:\\\/\\\/x.com\\\/DG_informatique\"]}]}<\/script>\n<!-- \/ Yoast SEO plugin. -->","yoast_head_json":{"title":"Particuliers: services \/ tarifs - Damien GREA","robots":{"index":"index","follow":"follow","max-snippet":"max-snippet:-1","max-image-preview":"max-image-preview:large","max-video-preview":"max-video-preview:-1"},"canonical":"https:\/\/damiengrea.fr\/index.php\/particuliers\/","og_locale":"fr_FR","og_type":"article","og_title":"Particuliers: services \/ tarifs - Damien GREA","og_description":"Une passion au service de vos besoins. Quelque soient vos besoins, Il existe une solution. Flexible et \u00e0 l\u2019\u00e9coute, je vous accompagne avec des r\u00e9ponses adapt\u00e9es. Contactez-moi pour en discuter. Vous avez un probl\u00e8me technique sur votre ordinateur, smartphone, tablette ou autre: j&rsquo;interviens a distance, ou a domicile selon le besoin. Vos \u00e9quipements num\u00e9riques ont [&hellip;]","og_url":"https:\/\/damiengrea.fr\/index.php\/particuliers\/","og_site_name":"Damien GREA","article_modified_time":"2026-01-02T16:01:28+00:00","og_image":[{"width":1024,"height":1024,"url":"https:\/\/damiengrea.fr\/wp-content\/uploads\/2026\/01\/unnamed-1.jpg","type":"image\/jpeg"}],"twitter_card":"summary_large_image","twitter_site":"@DG_informatique","twitter_misc":{"Dur\u00e9e de lecture estim\u00e9e":"3 minutes"},"schema":{"@context":"https:\/\/schema.org","@graph":[{"@type":"WebPage","@id":"https:\/\/damiengrea.fr\/index.php\/particuliers\/","url":"https:\/\/damiengrea.fr\/index.php\/particuliers\/","name":"Particuliers: services \/ tarifs - Damien GREA","isPartOf":{"@id":"https:\/\/damiengrea.fr\/#website"},"primaryImageOfPage":{"@id":"https:\/\/damiengrea.fr\/index.php\/particuliers\/#primaryimage"},"image":{"@id":"https:\/\/damiengrea.fr\/index.php\/particuliers\/#primaryimage"},"thumbnailUrl":"https:\/\/damiengrea.fr\/wp-content\/uploads\/2026\/01\/unnamed-1.jpg","datePublished":"2025-03-26T11:23:58+00:00","dateModified":"2026-01-02T16:01:28+00:00","breadcrumb":{"@id":"https:\/\/damiengrea.fr\/index.php\/particuliers\/#breadcrumb"},"inLanguage":"fr-FR","potentialAction":[{"@type":"ReadAction","target":["https:\/\/damiengrea.fr\/index.php\/particuliers\/"]}]},{"@type":"ImageObject","inLanguage":"fr-FR","@id":"https:\/\/damiengrea.fr\/index.php\/particuliers\/#primaryimage","url":"https:\/\/damiengrea.fr\/wp-content\/uploads\/2026\/01\/unnamed-1.jpg","contentUrl":"https:\/\/damiengrea.fr\/wp-content\/uploads\/2026\/01\/unnamed-1.jpg","width":1024,"height":1024},{"@type":"BreadcrumbList","@id":"https:\/\/damiengrea.fr\/index.php\/particuliers\/#breadcrumb","itemListElement":[{"@type":"ListItem","position":1,"name":"Accueil","item":"https:\/\/damiengrea.fr\/"},{"@type":"ListItem","position":2,"name":"Particuliers: services \/ tarifs"}]},{"@type":"WebSite","@id":"https:\/\/damiengrea.fr\/#website","url":"https:\/\/damiengrea.fr\/","name":"Damien GREA","description":"Votre partenaire informatique","publisher":{"@id":"https:\/\/damiengrea.fr\/#organization"},"potentialAction":[{"@type":"SearchAction","target":{"@type":"EntryPoint","urlTemplate":"https:\/\/damiengrea.fr\/?s={search_term_string}"},"query-input":{"@type":"PropertyValueSpecification","valueRequired":true,"valueName":"search_term_string"}}],"inLanguage":"fr-FR"},{"@type":"Organization","@id":"https:\/\/damiengrea.fr\/#organization","name":"Damien GREA","url":"https:\/\/damiengrea.fr\/","logo":{"@type":"ImageObject","inLanguage":"fr-FR","@id":"https:\/\/damiengrea.fr\/#\/schema\/logo\/image\/","url":"https:\/\/damiengrea.fr\/wp-content\/uploads\/2025\/03\/cropped-cropped-2.png","contentUrl":"https:\/\/damiengrea.fr\/wp-content\/uploads\/2025\/03\/cropped-cropped-2.png","width":391,"height":365,"caption":"Damien GREA"},"image":{"@id":"https:\/\/damiengrea.fr\/#\/schema\/logo\/image\/"},"sameAs":["https:\/\/x.com\/DG_informatique"]}]}},"_links":{"self":[{"href":"https:\/\/damiengrea.fr\/index.php\/wp-json\/wp\/v2\/pages\/21","targetHints":{"allow":["GET"]}}],"collection":[{"href":"https:\/\/damiengrea.fr\/index.php\/wp-json\/wp\/v2\/pages"}],"about":[{"href":"https:\/\/damiengrea.fr\/index.php\/wp-json\/wp\/v2\/types\/page"}],"author":[{"embeddable":true,"href":"https:\/\/damiengrea.fr\/index.php\/wp-json\/wp\/v2\/users\/1"}],"replies":[{"embeddable":true,"href":"https:\/\/damiengrea.fr\/index.php\/wp-json\/wp\/v2\/comments?post=21"}],"version-history":[{"count":19,"href":"https:\/\/damiengrea.fr\/index.php\/wp-json\/wp\/v2\/pages\/21\/revisions"}],"predecessor-version":[{"id":565,"href":"https:\/\/damiengrea.fr\/index.php\/wp-json\/wp\/v2\/pages\/21\/revisions\/565"}],"wp:attachment":[{"href":"https:\/\/damiengrea.fr\/index.php\/wp-json\/wp\/v2\/media?parent=21"}],"curies":[{"name":"wp","href":"https:\/\/api.w.org\/{rel}","templated":true}]}}