{"id":252,"date":"2026-01-09T12:54:41","date_gmt":"2026-01-09T11:54:41","guid":{"rendered":"http:\/\/demo.themegrill.com\/ample\/?page_id=4"},"modified":"2026-01-20T13:19:26","modified_gmt":"2026-01-20T12:19:26","slug":"accueil","status":"publish","type":"page","link":"https:\/\/damiengrea.fr\/","title":{"rendered":"Accueil"},"content":{"rendered":"\n<figure class=\"wp-block-image alignwide size-large\"><img loading=\"lazy\" decoding=\"async\" width=\"1344\" height=\"756\" src=\"https:\/\/damiengrea.fr\/wp-content\/uploads\/2026\/01\/Gemini_Generated_Image_5cfkpq5cfkpq5cfk1-1-edited.png\" alt=\"\" class=\"wp-image-572\" srcset=\"https:\/\/damiengrea.fr\/wp-content\/uploads\/2026\/01\/Gemini_Generated_Image_5cfkpq5cfkpq5cfk1-1-edited.png 1344w, https:\/\/damiengrea.fr\/wp-content\/uploads\/2026\/01\/Gemini_Generated_Image_5cfkpq5cfkpq5cfk1-1-edited-300x169.png 300w, https:\/\/damiengrea.fr\/wp-content\/uploads\/2026\/01\/Gemini_Generated_Image_5cfkpq5cfkpq5cfk1-1-edited-1024x576.png 1024w, https:\/\/damiengrea.fr\/wp-content\/uploads\/2026\/01\/Gemini_Generated_Image_5cfkpq5cfkpq5cfk1-1-edited-768x432.png 768w\" sizes=\"auto, (max-width: 1344px) 100vw, 1344px\" \/><\/figure>\n\n\n\n<p>Vous avez besoin d&rsquo;un d\u00e9pannage informatique autour de Besan\u00e7on pour votre ordinateur, smartphone ou tablette ? <br>Vous \u00eates perdu sur internet ou avez peur de tomber dans des pi\u00e8ges en ligne? Fort de 12 ann\u00e9es d&rsquo;exp\u00e9rience dans le domaine informatique, je suis un freelance passionn\u00e9, d\u00e9di\u00e9 \u00e0 offrir des solutions sur mesure aux entreprises, associations et particuliers. Que vous ayez besoin d&rsquo;une expertise \u00e0 distance ou d&rsquo;une pr\u00e9sence sur site, je m&rsquo;engage \u00e0 vous accompagner avec professionnalisme et efficacit\u00e9 pour vous permettre de maitriser vos outils informatique sereinement.<\/p>\n\n\n\n<div class=\"wp-block-media-text alignwide has-media-on-the-right is-stacked-on-mobile\" style=\"grid-template-columns:auto 18%\"><div class=\"wp-block-media-text__content\">\n<p class=\"has-text-align-left\">\u2705 <strong>D\u00e9pannage &amp; Assistance<\/strong> : Interventions a distance ou a domicile pour r\u00e9soudre vos probl\u00e8mes techniques sur PC, smartphones et tablettes.<\/p>\n<\/div><figure class=\"wp-block-media-text__media\"><img loading=\"lazy\" decoding=\"async\" width=\"1024\" height=\"1024\" src=\"https:\/\/damiengrea.fr\/wp-content\/uploads\/2026\/01\/unnamed.jpg\" alt=\"\" class=\"wp-image-553 size-full\" srcset=\"https:\/\/damiengrea.fr\/wp-content\/uploads\/2026\/01\/unnamed.jpg 1024w, https:\/\/damiengrea.fr\/wp-content\/uploads\/2026\/01\/unnamed-300x300.jpg 300w, https:\/\/damiengrea.fr\/wp-content\/uploads\/2026\/01\/unnamed-150x150.jpg 150w, https:\/\/damiengrea.fr\/wp-content\/uploads\/2026\/01\/unnamed-768x768.jpg 768w\" sizes=\"auto, (max-width: 1024px) 100vw, 1024px\" \/><\/figure><\/div>\n\n\n\n<div class=\"wp-block-media-text alignwide is-stacked-on-mobile\" style=\"grid-template-columns:18% auto\"><figure class=\"wp-block-media-text__media\"><img loading=\"lazy\" decoding=\"async\" width=\"1024\" height=\"962\" src=\"https:\/\/damiengrea.fr\/wp-content\/uploads\/2026\/01\/Gemini_Generated_Image_ed89teed89teed89-1024x962.png\" alt=\"\" class=\"wp-image-554 size-full\" srcset=\"https:\/\/damiengrea.fr\/wp-content\/uploads\/2026\/01\/Gemini_Generated_Image_ed89teed89teed89-1024x962.png 1024w, https:\/\/damiengrea.fr\/wp-content\/uploads\/2026\/01\/Gemini_Generated_Image_ed89teed89teed89-300x282.png 300w, https:\/\/damiengrea.fr\/wp-content\/uploads\/2026\/01\/Gemini_Generated_Image_ed89teed89teed89-768x721.png 768w, https:\/\/damiengrea.fr\/wp-content\/uploads\/2026\/01\/Gemini_Generated_Image_ed89teed89teed89.png 1056w\" sizes=\"auto, (max-width: 1024px) 100vw, 1024px\" \/><\/figure><div class=\"wp-block-media-text__content\">\n<p>\u2705 <strong>Conseil &amp; Accompagnement<\/strong> : Je vous accompagne pour l&rsquo;achat de mat\u00e9riel adapt\u00e9 \u00e0 vos besoins, votre budget, en respectant l&rsquo;environnement<\/p>\n<\/div><\/div>\n\n\n\n<div class=\"wp-block-media-text alignwide has-media-on-the-right is-stacked-on-mobile\" style=\"grid-template-columns:auto 18%\"><div class=\"wp-block-media-text__content\">\n<p>\u2705 <strong>Maintenance Pr\u00e9ventive<\/strong> : Laissez moi m&rsquo;occuper de l&rsquo;optimisation et l&rsquo;entretien r\u00e9gulier pour assurer la long\u00e9vit\u00e9 et les performances de vos appareils sur plusieurs ann\u00e9es.<\/p>\n<\/div><figure class=\"wp-block-media-text__media\"><img loading=\"lazy\" decoding=\"async\" width=\"1024\" height=\"1024\" src=\"https:\/\/damiengrea.fr\/wp-content\/uploads\/2026\/01\/Gemini_Generated_Image_6505p06505p06505.png\" alt=\"\" class=\"wp-image-555 size-full\" srcset=\"https:\/\/damiengrea.fr\/wp-content\/uploads\/2026\/01\/Gemini_Generated_Image_6505p06505p06505.png 1024w, https:\/\/damiengrea.fr\/wp-content\/uploads\/2026\/01\/Gemini_Generated_Image_6505p06505p06505-300x300.png 300w, https:\/\/damiengrea.fr\/wp-content\/uploads\/2026\/01\/Gemini_Generated_Image_6505p06505p06505-150x150.png 150w, https:\/\/damiengrea.fr\/wp-content\/uploads\/2026\/01\/Gemini_Generated_Image_6505p06505p06505-768x768.png 768w\" sizes=\"auto, (max-width: 1024px) 100vw, 1024px\" \/><\/figure><\/div>\n\n\n\n<div class=\"wp-block-media-text alignwide is-stacked-on-mobile\" style=\"grid-template-columns:18% auto\"><figure class=\"wp-block-media-text__media\"><img loading=\"lazy\" decoding=\"async\" width=\"1024\" height=\"1024\" src=\"https:\/\/damiengrea.fr\/wp-content\/uploads\/2026\/01\/Gemini_Generated_Image_nax778nax778nax7.png\" alt=\"\" class=\"wp-image-556 size-full\" srcset=\"https:\/\/damiengrea.fr\/wp-content\/uploads\/2026\/01\/Gemini_Generated_Image_nax778nax778nax7.png 1024w, https:\/\/damiengrea.fr\/wp-content\/uploads\/2026\/01\/Gemini_Generated_Image_nax778nax778nax7-300x300.png 300w, https:\/\/damiengrea.fr\/wp-content\/uploads\/2026\/01\/Gemini_Generated_Image_nax778nax778nax7-150x150.png 150w, https:\/\/damiengrea.fr\/wp-content\/uploads\/2026\/01\/Gemini_Generated_Image_nax778nax778nax7-768x768.png 768w\" sizes=\"auto, (max-width: 1024px) 100vw, 1024px\" \/><\/figure><div class=\"wp-block-media-text__content\">\n<p>\u2705<strong>Formation <\/strong> : Je vous apprends \u00e0 utiliser vos appareils, vos logiciels et internet en toute autonomie.<\/p>\n<\/div><\/div>\n\n\n\n<div class=\"wp-block-media-text alignwide has-media-on-the-right is-stacked-on-mobile\" style=\"grid-template-columns:auto 18%\"><div class=\"wp-block-media-text__content\">\n<p>\ud83d\udd12 <strong>Naviguez en toute s\u00e9curit\u00e9<\/strong> : Je vous guide pour prot\u00e9ger vos appareils et vos donn\u00e9es, et vous permet de naviguer sur internet en toute s\u00e9curit\u00e9, en reconnaissant les menaces et arnaques en ligne.<\/p>\n<\/div><figure class=\"wp-block-media-text__media\"><img loading=\"lazy\" decoding=\"async\" width=\"1024\" height=\"1024\" src=\"https:\/\/damiengrea.fr\/wp-content\/uploads\/2026\/01\/Gemini_Generated_Image_wls0p1wls0p1wls0.png\" alt=\"\" class=\"wp-image-557 size-full\" srcset=\"https:\/\/damiengrea.fr\/wp-content\/uploads\/2026\/01\/Gemini_Generated_Image_wls0p1wls0p1wls0.png 1024w, https:\/\/damiengrea.fr\/wp-content\/uploads\/2026\/01\/Gemini_Generated_Image_wls0p1wls0p1wls0-300x300.png 300w, https:\/\/damiengrea.fr\/wp-content\/uploads\/2026\/01\/Gemini_Generated_Image_wls0p1wls0p1wls0-150x150.png 150w, https:\/\/damiengrea.fr\/wp-content\/uploads\/2026\/01\/Gemini_Generated_Image_wls0p1wls0p1wls0-768x768.png 768w\" sizes=\"auto, (max-width: 1024px) 100vw, 1024px\" \/><\/figure><\/div>\n\n\n\n<div class=\"wp-block-media-text alignwide is-stacked-on-mobile\" style=\"grid-template-columns:18% auto\"><figure class=\"wp-block-media-text__media\"><img loading=\"lazy\" decoding=\"async\" width=\"1024\" height=\"1024\" src=\"https:\/\/damiengrea.fr\/wp-content\/uploads\/2026\/01\/Gemini_Generated_Image_h7bycoh7bycoh7by.png\" alt=\"\" class=\"wp-image-558 size-full\" srcset=\"https:\/\/damiengrea.fr\/wp-content\/uploads\/2026\/01\/Gemini_Generated_Image_h7bycoh7bycoh7by.png 1024w, https:\/\/damiengrea.fr\/wp-content\/uploads\/2026\/01\/Gemini_Generated_Image_h7bycoh7bycoh7by-300x300.png 300w, https:\/\/damiengrea.fr\/wp-content\/uploads\/2026\/01\/Gemini_Generated_Image_h7bycoh7bycoh7by-150x150.png 150w, https:\/\/damiengrea.fr\/wp-content\/uploads\/2026\/01\/Gemini_Generated_Image_h7bycoh7bycoh7by-768x768.png 768w\" sizes=\"auto, (max-width: 1024px) 100vw, 1024px\" \/><\/figure><div class=\"wp-block-media-text__content\">\n<div class=\"wp-block-group is-nowrap is-layout-flex wp-container-core-group-is-layout-6c531013 wp-block-group-is-layout-flex\">\n<p>\ud83d\udcde <a data-type=\"page\" data-id=\"254\" href=\"http:\/\/damiengrea.fr\/index.php\/contact\/\">Contactez-moi<\/a> d\u00e8s maintenant pour un d\u00e9pannage informatique autour de Besan\u00e7on !<\/p>\n<\/div>\n<\/div><\/div>\n\n\n\n<ul class=\"wp-block-social-links alignright is-content-justification-space-between is-layout-flex wp-container-core-social-links-is-layout-b2891da8 wp-block-social-links-is-layout-flex\"><li class=\"wp-social-link wp-social-link-x  wp-block-social-link\"><a href=\"https:\/\/x.com\/DG_informatique\" class=\"wp-block-social-link-anchor\"><svg width=\"24\" height=\"24\" viewBox=\"0 0 24 24\" version=\"1.1\" xmlns=\"http:\/\/www.w3.org\/2000\/svg\" aria-hidden=\"true\" focusable=\"false\"><path d=\"M13.982 10.622 20.54 3h-1.554l-5.693 6.618L8.745 3H3.5l6.876 10.007L3.5 21h1.554l6.012-6.989L15.868 21h5.245l-7.131-10.378Zm-2.128 2.474-.697-.997-5.543-7.93H8l4.474 6.4.697.996 5.815 8.318h-2.387l-4.745-6.787Z\" \/><\/svg><span class=\"wp-block-social-link-label screen-reader-text\">X<\/span><\/a><\/li>\n\n<li class=\"wp-social-link wp-social-link-facebook  wp-block-social-link\"><a href=\"https:\/\/www.facebook.com\/profile.php?id=61575019850084\" class=\"wp-block-social-link-anchor\"><svg width=\"24\" height=\"24\" viewBox=\"0 0 24 24\" version=\"1.1\" xmlns=\"http:\/\/www.w3.org\/2000\/svg\" aria-hidden=\"true\" focusable=\"false\"><path d=\"M12 2C6.5 2 2 6.5 2 12c0 5 3.7 9.1 8.4 9.9v-7H7.9V12h2.5V9.8c0-2.5 1.5-3.9 3.8-3.9 1.1 0 2.2.2 2.2.2v2.5h-1.3c-1.2 0-1.6.8-1.6 1.6V12h2.8l-.4 2.9h-2.3v7C18.3 21.1 22 17 22 12c0-5.5-4.5-10-10-10z\"><\/path><\/svg><span class=\"wp-block-social-link-label screen-reader-text\">Facebook<\/span><\/a><\/li><\/ul>\n\n\n\n<p>Mes r\u00e9seaux sociaux:<\/p>\n\n\n\n<p class=\"has-text-align-center\"><\/p>\n\n\n\n<p>Quelques liens utiles avant de commencer: <br>Windows : <a href=\"https:\/\/support.microsoft.com\/fr-fr\">Guide officiel Microsoft<\/a><br>Mac : <a href=\"https:\/\/support.apple.com\/fr-fr\">Support Apple<\/a><br>Tutoriels pour PC et Mac : <a href=\"https:\/\/openclassrooms.com\/fr\/courses\">OpenClassrooms \u2013 Informatique<\/a><br>Conseils sur Internet et s\u00e9curit\u00e9 : <a href=\"https:\/\/www.cnil.fr\/fr\/mon-quotidien\/ma-securite-numerique\">CNIL \u2013 S\u00e9curit\u00e9 informatique<\/a><\/p>\n\n\n\n<p><\/p>\n\n\n\n<p><\/p>\n\n\n\n<p><\/p>\n\n\n\n<p><em>Illustrations g\u00e9n\u00e9r\u00e9es par intelligence artificielle \u00e0 des fins de pr\u00e9sentation.<\/em><\/p>\n\n\n\n<p><\/p>\n","protected":false},"excerpt":{"rendered":"<p>Vous avez besoin d&rsquo;un d\u00e9pannage informatique autour de Besan\u00e7on pour votre ordinateur, smartphone ou tablette ? Vous \u00eates perdu sur internet ou avez peur de tomber dans des pi\u00e8ges en ligne? Fort de 12 ann\u00e9es d&rsquo;exp\u00e9rience dans le domaine informatique, je suis un freelance passionn\u00e9, d\u00e9di\u00e9 \u00e0 offrir des solutions sur mesure aux entreprises, associations [&hellip;]<\/p>\n","protected":false},"author":1,"featured_media":0,"parent":0,"menu_order":0,"comment_status":"closed","ping_status":"closed","template":"","meta":{"footnotes":"[]"},"class_list":["post-252","page","type-page","status-publish","hentry"],"yoast_head":"<!-- This site is optimized with the Yoast SEO plugin v27.3 - https:\/\/yoast.com\/product\/yoast-seo-wordpress\/ -->\n<title>D\u00e9pannage informatique autour de Besan\u00e7on<\/title>\n<meta name=\"description\" content=\"Damien GREA, D\u00e9pannage informatique autour de besan\u00e7on pour toutes vos probl\u00e9matiques informatiques. Gestion, d\u00e9pannage, formation...\" \/>\n<meta name=\"robots\" content=\"index, follow, max-snippet:-1, max-image-preview:large, max-video-preview:-1\" \/>\n<link rel=\"canonical\" href=\"https:\/\/damiengrea.fr\/\" \/>\n<meta property=\"og:locale\" content=\"fr_FR\" \/>\n<meta property=\"og:type\" content=\"article\" \/>\n<meta property=\"og:title\" content=\"d\u00e9pannage informatique autour de Besan\u00e7on\" \/>\n<meta property=\"og:description\" content=\"Vous avez besoin d&#039;un d\u00e9pannage informatique autour de Besan\u00e7on pour votre ordinateur, smartphone ou tablette ? Vous \u00eates perdu sur internet ou avez peur de tomber dans des pi\u00e8ges en ligne? Fort de 12 ann\u00e9es d&#039;exp\u00e9rience dans le domaine informatique, je suis un freelance passionn\u00e9, d\u00e9di\u00e9 \u00e0 offrir des solutions sur mesure aux entreprises, associations et particuliers. Que vous ayez besoin d&#039;une expertise \u00e0 distance ou d&#039;une pr\u00e9sence sur site, je m&#039;engage \u00e0 vous accompagner avec professionnalisme et efficacit\u00e9 pour vous permettre de maitriser vos outils informatique sereinement.\" \/>\n<meta property=\"og:url\" content=\"https:\/\/damiengrea.fr\/\" \/>\n<meta property=\"og:site_name\" content=\"Damien GREA\" \/>\n<meta property=\"article:modified_time\" content=\"2026-01-20T12:19:26+00:00\" \/>\n<meta property=\"og:image\" content=\"http:\/\/damiengrea.fr\/wp-content\/uploads\/2025\/03\/cropped-2.png\" \/>\n\t<meta property=\"og:image:width\" content=\"1050\" \/>\n\t<meta property=\"og:image:height\" content=\"600\" \/>\n\t<meta property=\"og:image:type\" content=\"image\/png\" \/>\n<meta name=\"twitter:card\" content=\"summary_large_image\" \/>\n<meta name=\"twitter:title\" content=\"d\u00e9pannage informatique autour de Besan\u00e7on\" \/>\n<meta name=\"twitter:description\" content=\"d\u00e9pannage informatique autour de Besan\u00e7on\" \/>\n<meta name=\"twitter:image\" content=\"https:\/\/damiengrea.fr\/wp-content\/uploads\/2025\/03\/cropped-2.png\" \/>\n<meta name=\"twitter:site\" content=\"@DG_informatique\" \/>\n<meta name=\"twitter:label1\" content=\"Dur\u00e9e de lecture estim\u00e9e\" \/>\n\t<meta name=\"twitter:data1\" content=\"3 minutes\" \/>\n<script type=\"application\/ld+json\" class=\"yoast-schema-graph\">{\"@context\":\"https:\\\/\\\/schema.org\",\"@graph\":[{\"@type\":\"WebPage\",\"@id\":\"https:\\\/\\\/damiengrea.fr\\\/\",\"url\":\"https:\\\/\\\/damiengrea.fr\\\/\",\"name\":\"D\u00e9pannage informatique autour de Besan\u00e7on\",\"isPartOf\":{\"@id\":\"https:\\\/\\\/damiengrea.fr\\\/#website\"},\"primaryImageOfPage\":{\"@id\":\"https:\\\/\\\/damiengrea.fr\\\/#primaryimage\"},\"image\":{\"@id\":\"https:\\\/\\\/damiengrea.fr\\\/#primaryimage\"},\"thumbnailUrl\":\"https:\\\/\\\/damiengrea.fr\\\/wp-content\\\/uploads\\\/2026\\\/01\\\/Gemini_Generated_Image_5cfkpq5cfkpq5cfk1-1-edited.png\",\"datePublished\":\"2026-01-09T11:54:41+00:00\",\"dateModified\":\"2026-01-20T12:19:26+00:00\",\"description\":\"Damien GREA, D\u00e9pannage informatique autour de besan\u00e7on pour toutes vos probl\u00e9matiques informatiques. Gestion, d\u00e9pannage, formation...\",\"breadcrumb\":{\"@id\":\"https:\\\/\\\/damiengrea.fr\\\/#breadcrumb\"},\"inLanguage\":\"fr-FR\",\"potentialAction\":[{\"@type\":\"ReadAction\",\"target\":[\"https:\\\/\\\/damiengrea.fr\\\/\"]}]},{\"@type\":\"ImageObject\",\"inLanguage\":\"fr-FR\",\"@id\":\"https:\\\/\\\/damiengrea.fr\\\/#primaryimage\",\"url\":\"https:\\\/\\\/damiengrea.fr\\\/wp-content\\\/uploads\\\/2026\\\/01\\\/Gemini_Generated_Image_5cfkpq5cfkpq5cfk1-1-edited.png\",\"contentUrl\":\"https:\\\/\\\/damiengrea.fr\\\/wp-content\\\/uploads\\\/2026\\\/01\\\/Gemini_Generated_Image_5cfkpq5cfkpq5cfk1-1-edited.png\",\"width\":1344,\"height\":756},{\"@type\":\"BreadcrumbList\",\"@id\":\"https:\\\/\\\/damiengrea.fr\\\/#breadcrumb\",\"itemListElement\":[{\"@type\":\"ListItem\",\"position\":1,\"name\":\"Accueil\",\"item\":\"https:\\\/\\\/damiengrea.fr\\\/\"},{\"@type\":\"ListItem\",\"position\":2,\"name\":\"Accueil\"}]},{\"@type\":\"WebSite\",\"@id\":\"https:\\\/\\\/damiengrea.fr\\\/#website\",\"url\":\"https:\\\/\\\/damiengrea.fr\\\/\",\"name\":\"Damien GREA\",\"description\":\"Votre partenaire informatique\",\"publisher\":{\"@id\":\"https:\\\/\\\/damiengrea.fr\\\/#organization\"},\"potentialAction\":[{\"@type\":\"SearchAction\",\"target\":{\"@type\":\"EntryPoint\",\"urlTemplate\":\"https:\\\/\\\/damiengrea.fr\\\/?s={search_term_string}\"},\"query-input\":{\"@type\":\"PropertyValueSpecification\",\"valueRequired\":true,\"valueName\":\"search_term_string\"}}],\"inLanguage\":\"fr-FR\"},{\"@type\":\"Organization\",\"@id\":\"https:\\\/\\\/damiengrea.fr\\\/#organization\",\"name\":\"Damien GREA\",\"url\":\"https:\\\/\\\/damiengrea.fr\\\/\",\"logo\":{\"@type\":\"ImageObject\",\"inLanguage\":\"fr-FR\",\"@id\":\"https:\\\/\\\/damiengrea.fr\\\/#\\\/schema\\\/logo\\\/image\\\/\",\"url\":\"https:\\\/\\\/damiengrea.fr\\\/wp-content\\\/uploads\\\/2025\\\/03\\\/cropped-cropped-2.png\",\"contentUrl\":\"https:\\\/\\\/damiengrea.fr\\\/wp-content\\\/uploads\\\/2025\\\/03\\\/cropped-cropped-2.png\",\"width\":391,\"height\":365,\"caption\":\"Damien GREA\"},\"image\":{\"@id\":\"https:\\\/\\\/damiengrea.fr\\\/#\\\/schema\\\/logo\\\/image\\\/\"},\"sameAs\":[\"https:\\\/\\\/x.com\\\/DG_informatique\"]}]}<\/script>\n<!-- \/ Yoast SEO plugin. -->","yoast_head_json":{"title":"D\u00e9pannage informatique autour de Besan\u00e7on","description":"Damien GREA, D\u00e9pannage informatique autour de besan\u00e7on pour toutes vos probl\u00e9matiques informatiques. Gestion, d\u00e9pannage, formation...","robots":{"index":"index","follow":"follow","max-snippet":"max-snippet:-1","max-image-preview":"max-image-preview:large","max-video-preview":"max-video-preview:-1"},"canonical":"https:\/\/damiengrea.fr\/","og_locale":"fr_FR","og_type":"article","og_title":"d\u00e9pannage informatique autour de Besan\u00e7on","og_description":"Vous avez besoin d'un d\u00e9pannage informatique autour de Besan\u00e7on pour votre ordinateur, smartphone ou tablette ? Vous \u00eates perdu sur internet ou avez peur de tomber dans des pi\u00e8ges en ligne? Fort de 12 ann\u00e9es d'exp\u00e9rience dans le domaine informatique, je suis un freelance passionn\u00e9, d\u00e9di\u00e9 \u00e0 offrir des solutions sur mesure aux entreprises, associations et particuliers. Que vous ayez besoin d'une expertise \u00e0 distance ou d'une pr\u00e9sence sur site, je m'engage \u00e0 vous accompagner avec professionnalisme et efficacit\u00e9 pour vous permettre de maitriser vos outils informatique sereinement.","og_url":"https:\/\/damiengrea.fr\/","og_site_name":"Damien GREA","article_modified_time":"2026-01-20T12:19:26+00:00","og_image":[{"width":1050,"height":600,"url":"http:\/\/damiengrea.fr\/wp-content\/uploads\/2025\/03\/cropped-2.png","type":"image\/png"}],"twitter_card":"summary_large_image","twitter_title":"d\u00e9pannage informatique autour de Besan\u00e7on","twitter_description":"d\u00e9pannage informatique autour de Besan\u00e7on","twitter_image":"https:\/\/damiengrea.fr\/wp-content\/uploads\/2025\/03\/cropped-2.png","twitter_site":"@DG_informatique","twitter_misc":{"Dur\u00e9e de lecture estim\u00e9e":"3 minutes"},"schema":{"@context":"https:\/\/schema.org","@graph":[{"@type":"WebPage","@id":"https:\/\/damiengrea.fr\/","url":"https:\/\/damiengrea.fr\/","name":"D\u00e9pannage informatique autour de Besan\u00e7on","isPartOf":{"@id":"https:\/\/damiengrea.fr\/#website"},"primaryImageOfPage":{"@id":"https:\/\/damiengrea.fr\/#primaryimage"},"image":{"@id":"https:\/\/damiengrea.fr\/#primaryimage"},"thumbnailUrl":"https:\/\/damiengrea.fr\/wp-content\/uploads\/2026\/01\/Gemini_Generated_Image_5cfkpq5cfkpq5cfk1-1-edited.png","datePublished":"2026-01-09T11:54:41+00:00","dateModified":"2026-01-20T12:19:26+00:00","description":"Damien GREA, D\u00e9pannage informatique autour de besan\u00e7on pour toutes vos probl\u00e9matiques informatiques. Gestion, d\u00e9pannage, formation...","breadcrumb":{"@id":"https:\/\/damiengrea.fr\/#breadcrumb"},"inLanguage":"fr-FR","potentialAction":[{"@type":"ReadAction","target":["https:\/\/damiengrea.fr\/"]}]},{"@type":"ImageObject","inLanguage":"fr-FR","@id":"https:\/\/damiengrea.fr\/#primaryimage","url":"https:\/\/damiengrea.fr\/wp-content\/uploads\/2026\/01\/Gemini_Generated_Image_5cfkpq5cfkpq5cfk1-1-edited.png","contentUrl":"https:\/\/damiengrea.fr\/wp-content\/uploads\/2026\/01\/Gemini_Generated_Image_5cfkpq5cfkpq5cfk1-1-edited.png","width":1344,"height":756},{"@type":"BreadcrumbList","@id":"https:\/\/damiengrea.fr\/#breadcrumb","itemListElement":[{"@type":"ListItem","position":1,"name":"Accueil","item":"https:\/\/damiengrea.fr\/"},{"@type":"ListItem","position":2,"name":"Accueil"}]},{"@type":"WebSite","@id":"https:\/\/damiengrea.fr\/#website","url":"https:\/\/damiengrea.fr\/","name":"Damien GREA","description":"Votre partenaire informatique","publisher":{"@id":"https:\/\/damiengrea.fr\/#organization"},"potentialAction":[{"@type":"SearchAction","target":{"@type":"EntryPoint","urlTemplate":"https:\/\/damiengrea.fr\/?s={search_term_string}"},"query-input":{"@type":"PropertyValueSpecification","valueRequired":true,"valueName":"search_term_string"}}],"inLanguage":"fr-FR"},{"@type":"Organization","@id":"https:\/\/damiengrea.fr\/#organization","name":"Damien GREA","url":"https:\/\/damiengrea.fr\/","logo":{"@type":"ImageObject","inLanguage":"fr-FR","@id":"https:\/\/damiengrea.fr\/#\/schema\/logo\/image\/","url":"https:\/\/damiengrea.fr\/wp-content\/uploads\/2025\/03\/cropped-cropped-2.png","contentUrl":"https:\/\/damiengrea.fr\/wp-content\/uploads\/2025\/03\/cropped-cropped-2.png","width":391,"height":365,"caption":"Damien GREA"},"image":{"@id":"https:\/\/damiengrea.fr\/#\/schema\/logo\/image\/"},"sameAs":["https:\/\/x.com\/DG_informatique"]}]}},"_links":{"self":[{"href":"https:\/\/damiengrea.fr\/index.php\/wp-json\/wp\/v2\/pages\/252","targetHints":{"allow":["GET"]}}],"collection":[{"href":"https:\/\/damiengrea.fr\/index.php\/wp-json\/wp\/v2\/pages"}],"about":[{"href":"https:\/\/damiengrea.fr\/index.php\/wp-json\/wp\/v2\/types\/page"}],"author":[{"embeddable":true,"href":"https:\/\/damiengrea.fr\/index.php\/wp-json\/wp\/v2\/users\/1"}],"replies":[{"embeddable":true,"href":"https:\/\/damiengrea.fr\/index.php\/wp-json\/wp\/v2\/comments?post=252"}],"version-history":[{"count":35,"href":"https:\/\/damiengrea.fr\/index.php\/wp-json\/wp\/v2\/pages\/252\/revisions"}],"predecessor-version":[{"id":589,"href":"https:\/\/damiengrea.fr\/index.php\/wp-json\/wp\/v2\/pages\/252\/revisions\/589"}],"wp:attachment":[{"href":"https:\/\/damiengrea.fr\/index.php\/wp-json\/wp\/v2\/media?parent=252"}],"curies":[{"name":"wp","href":"https:\/\/api.w.org\/{rel}","templated":true}]}}